{"id":282,"date":"2026-05-09T01:14:30","date_gmt":"2026-05-08T23:14:30","guid":{"rendered":"https:\/\/szupl.wordpress.com\/?page_id=282"},"modified":"2026-05-09T01:14:30","modified_gmt":"2026-05-08T23:14:30","slug":"o-nas","status":"publish","type":"page","link":"https:\/\/zwiazekuczniowski.org\/?page_id=282","title":{"rendered":"O nas"},"content":{"rendered":"\n<h6 class=\"wp-block-heading has-text-align-center\">Kim jeste\u015bmy?<\/h6>\n\n\n\n<p>Socjalistyczny Zwi\u0105zek Uczniowski to zwi\u0105zek oparty na solidarno\u015bci uczniowskiej i dorobkach socjalizmu naukowego. Tworzymy niezale\u017cny ruch uczniowski walcz\u0105cy o prawa m\u0142odzie\u017cy, szerz\u0105cy \u015bwiadomo\u015b\u0107 polityczn\u0105, spo\u0142eczn\u0105 i klasow\u0105 oraz chc\u0105cy spo\u0142ecze\u0144stwa opartego na r\u00f3wno\u015bci, solidarno\u015bci i demokratycznej kontroli nad \u017cyciem spo\u0142ecznym.<\/p>\n\n\n\n<p>Powstali\u015bmy, poniewa\u017c wierzymy, \u017ce m\u0142odzie\u017c ma prawo organizowa\u0107 si\u0119 i wsp\u00f3lnie walczy\u0107 o swoje interesy.<\/p>\n\n\n\n<h6 class=\"wp-block-heading has-text-align-center\">Nasze idee<\/h6>\n\n\n\n<p>Widzimy szko\u0142\u0119 jako cz\u0119\u015b\u0107 szerszego systemu spo\u0142ecznego i gospodarczego, w kt\u00f3rym wi\u0119kszo\u015b\u0107 spo\u0142ecze\u0144stwa podporz\u0105dkowana jest interesom mniejszo\u015bci, w kt\u00f3rej r\u0119kach le\u017cy w\u0142adza ekonomiczna i polityczna poprzez posiadanie kapita\u0142u. Problemy uczni\u00f3w &#8211; przem\u0119czenie, brak perspektyw, kryzys zdrowia psychicznego, wykluczenie czy nier\u00f3wno\u015bci edukacyjne &#8211; nie s\u0105 przypadkiem. S\u0105 skutkiem systemu nastawionego na konkurencj\u0119, podporz\u0105dkowanie i reprodukcj\u0119 nier\u00f3wno\u015bci spo\u0142ecznych.<\/p>\n\n\n\n<p>Sprzeciwiamy si\u0119:<\/p>\n\n\n\n<ul class=\"wp-block-list\">\n<li>komercjalizacji edukacji,<\/li>\n\n\n\n<li>pog\u0142\u0119bianiu nier\u00f3wno\u015bci klasowych,<\/li>\n\n\n\n<li>autorytarnemu modelowi szko\u0142y,<\/li>\n\n\n\n<li>dyskryminacji i wykluczeniu,<\/li>\n\n\n\n<li>podporz\u0105dkowywaniu edukacji interesom rynku,<\/li>\n\n\n\n<li>przerzucaniu kryzys\u00f3w spo\u0142ecznych na m\u0142odzie\u017c.<\/li>\n<\/ul>\n\n\n\n<p>Uwa\u017camy, \u017ce edukacja powinna s\u0142u\u017cy\u0107 interesom spo\u0142ecze\u0144stwa, a nie interesom kapita\u0142u.<\/p>\n\n\n\n<h6 class=\"wp-block-heading has-text-align-center\">Jak dzia\u0142amy?<\/h6>\n\n\n\n<p>Nasza organizacja opiera si\u0119 na zasadzie centralizmu demokratycznego.<\/p>\n\n\n\n<p>Oznacza to swobodn\u0105 debat\u0119 wewn\u0119trzn\u0105, demokratyczne podejmowanie decyzji oraz wsp\u00f3lne realizowanie przyj\u0119tej linii dzia\u0142ania. Ka\u017cdy cz\u0142onek organizacji ma prawo uczestniczy\u0107 w dyskusji, zg\u0142asza\u0107 postulaty i wybiera\u0107 w\u0142adze organizacji. Po podj\u0119ciu decyzji dzia\u0142amy jednak wsp\u00f3lnie i solidarnie.<\/p>\n\n\n\n<p>Wierzymy, \u017ce skuteczna organizacja wymaga zar\u00f3wno demokracji wewn\u0119trznej, jak i dyscypliny organizacyjnej.<\/p>\n\n\n\n<p>Nasze struktury tworz\u0105:<\/p>\n\n\n\n<ul class=\"wp-block-list\">\n<li>cz\u0142onkowie lokalni,<\/li>\n\n\n\n<li>ko\u0142a lokalne,<\/li>\n\n\n\n<li>Komisja Krajowa.<\/li>\n<\/ul>\n\n\n\n<p>Dzia\u0142amy oddolnie, ale jako jedna organizacja o wsp\u00f3lnych celach politycznych i organizacyjnych.<\/p>\n\n\n\n<h6 class=\"wp-block-heading has-text-align-center\">O co walczymy?<\/h6>\n\n\n\n<p>Walczymy o:<\/p>\n\n\n\n<ul class=\"wp-block-list\">\n<li>realny wp\u0142yw uczni\u00f3w na funkcjonowanie szk\u00f3\u0142,<\/li>\n\n\n\n<li>\u015bwieck\u0105 szko\u0142\u0119,<\/li>\n\n\n\n<li>ochron\u0119 zdrowia psychicznego m\u0142odzie\u017cy,<\/li>\n\n\n\n<li>skr\u00f3cenie przeci\u0105\u017cenia uczni\u00f3w,<\/li>\n\n\n\n<li>demokratyzacj\u0119 instytucji edukacyjnych,<\/li>\n\n\n\n<li>rozw\u00f3j us\u0142ug publicznych,<\/li>\n\n\n\n<li>spo\u0142ecze\u0144stwo oparte na r\u00f3wno\u015bci spo\u0142ecznej i solidarno\u015bci.<\/li>\n<\/ul>\n\n\n\n<p>Uwa\u017camy, \u017ce walka uczni\u00f3w jest cz\u0119\u015bci\u0105 szerszej walki ludzi pracy przeciwko wyzyskowi i nier\u00f3wno\u015bciom spo\u0142ecznym.<\/p>\n\n\n\n<h6 class=\"wp-block-heading has-text-align-center\">Niezale\u017cno\u015b\u0107 i solidarno\u015b\u0107<\/h6>\n\n\n\n<p>SZU pozostaje niezale\u017cne od administracji szkolnej, pa\u0144stwa i liberalnych organizacji pozoruj\u0105cych reprezentacj\u0119 m\u0142odzie\u017cy bez rzeczywistego dzia\u0142ania.<\/p>\n\n\n\n<p>Wspieramy solidarno\u015b\u0107 mi\u0119dzy uczniami, studentami i lud\u017ami pracy. Wierzymy, \u017ce tylko wsp\u00f3lna organizacja wi\u0119kszo\u015bci spo\u0142ecze\u0144stwa mo\u017ce doprowadzi\u0107 do trwa\u0142ych zmian spo\u0142ecznych.<\/p>\n\n\n\n<h2 class=\"wp-block-heading has-text-align-center\"><a href=\"https:\/\/szupl.wordpress.com\/wstap-do-zwiazku\/\">Do\u0142\u0105cz do nas!<\/a><\/h2>\n\n\n\n<h6 class=\"wp-block-heading has-text-align-center\">Deklaracja Ideowa SZU<\/h6>\n\n\n\n<ol class=\"wp-block-list\">\n<li>Socjalistyczny Zwi\u0105zek Uczniowski uznaje szko\u0142\u0119 za element szerszego systemu spo\u0142ecznego<br>i ekonomicznego, kt\u00f3rego funkcjonowanie podporz\u0105dkowane jest interesom klas dominuj\u0105cych.<\/li>\n\n\n\n<li>Socjalistyczny Zwi\u0105zek Uczniowski opiera swoj\u0105 analiz\u0119 spo\u0142eczn\u0105 na dorobku marksizmu,<br>uznaj\u0105c walk\u0119 klas za fundamentalny mechanizm kszta\u0142tuj\u0105cy spo\u0142ecze\u0144stwo.<\/li>\n\n\n\n<li>Socjalistyczny Zwi\u0105zek Uczniowski s\u0105dzi, \u017ce problemy uczni\u00f3w nie maj\u0105 charakteru<br>wy\u0142\u0105cznie indywidualnego, a zamiast tego wynikaj\u0105 z materialnych warunk\u00f3w funkcjonowania<br>systemu edukacji i jego podporz\u0105dkowania interesom politycznym oraz ekonomicznym.<\/li>\n\n\n\n<li>Socjalistyczny Zwi\u0105zek Uczniowski kategorycznie sprzeciwia si\u0119 u\u017cywania edukacji jako<br>narz\u0119dzia reprodukcji nier\u00f3wno\u015bci spo\u0142ecznych, dyscyplinowania m\u0142odzie\u017cy oraz<br>przygotowywania jej wy\u0142\u0105cznie do podporz\u0105dkowanej roli na rynku pracy.<\/li>\n\n\n\n<li>Socjalistyczny Zwi\u0105zek Uczniowski uznaje samoorganizacj\u0119 m\u0142odzie\u017cy za konieczny element<br>walki o prawa uczni\u00f3w.<\/li>\n\n\n\n<li>Socjalistyczny Zwi\u0105zek Uczniowski s\u0105dzi, \u017ce samorz\u0105dy uczniowskie w swojej obecnej<br>formie pozostaj\u0105 strukturami fasadowymi, pozbawionymi rzeczywistych kompetencji i mo\u017cliwo\u015bci<br>reprezentowania interes\u00f3w uczni\u00f3w.<\/li>\n\n\n\n<li>Socjalistyczny Zwi\u0105zek Uczniowski domaga si\u0119 prawa uczni\u00f3w do niezale\u017cnej organizacji,<br>protestu, strajku uczniowskiego oraz tworzenia autonomicznych struktur reprezentuj\u0105cych interesy<br>m\u0142odzie\u017cy.<\/li>\n\n\n\n<li>Socjalistyczny Zwi\u0105zek Uczniowski uznaje solidarno\u015b\u0107 za podstawow\u0105 zasad\u0119 organizacji<br>uczni\u00f3w, sprzeciwiaj\u0105c si\u0119 indywidualizmowi, atomizacji spo\u0142ecznej i kulturze konkurencji, kt\u00f3r\u0105<br>narzuca m\u0142odzie\u017cy wsp\u00f3\u0142czesny system edukacyjny.<\/li>\n\n\n\n<li>Socjalistyczny Zwi\u0105zek Uczniowski uznaje konieczno\u015b\u0107 rozwijania \u015bwiadomo\u015bci politycznej i<br>klasowej m\u0142odzie\u017cy poprzez po\u0142\u0105czenie edukacji teoretycznej z praktycznym dzia\u0142aniem<br>zbiorowym.<\/li>\n\n\n\n<li>Socjalistyczny Zwi\u0105zek Uczniowski deklaruje swoje poparcie dla wszelkich demokratycznych<br>praw m\u0142odzie\u017cy oraz sprzeciw wobec represji uczni\u00f3w anga\u017cuj\u0105cych si\u0119 spo\u0142ecznie i politycznie.<\/li>\n\n\n\n<li>Socjalistyczny Zwi\u0105zek Uczniowski sprzeciwia si\u0119 wszelkim formom dyskryminacji<br>narodowej, etnicznej, religijnej, seksualnej i p\u0142ciowej, uznaj\u0105c je za narz\u0119dzia podzia\u0142u mas i<br>os\u0142abiania solidarno\u015bci spo\u0142ecznej.<\/li>\n\n\n\n<li>Socjalistyczny Zwi\u0105zek Uczniowski uznaje internacjonalizm i solidarno\u015b\u0107 mi\u0119dzy m\u0142odzie\u017c\u0105<br>r\u00f3\u017cnych kraj\u00f3w za istotny element walki przeciwko wyzyskowi i nier\u00f3wno\u015bciom spo\u0142ecznym.<\/li>\n\n\n\n<li>Socjalistyczny Zwi\u0105zek Uczniowski uznaje dzia\u0142alno\u015b\u0107 lokaln\u0105 (w szko\u0142ach, miastach i<br>\u015brodowiskach uczniowskich) za podstaw\u0119 trwa\u0142ego ruchu uczniowskiego zdolnego do<br>rzeczywistego dzia\u0142ania.<\/li>\n\n\n\n<li>Socjalistyczny Zwi\u0105zek Uczniowski odrzuca model organizacji ograniczaj\u0105cej si\u0119 wy\u0142\u0105cznie<br>do dzia\u0142alno\u015bci internetowej, deklaruj\u0105c potrzeb\u0119 budowy realnych struktur uczniowskich zakorzenionych w codziennych problemach m\u0142odzie\u017cy.<\/li>\n<\/ol>\n\n\n\n<div class=\"wp-block-file aligncenter has-link-color wp-elements-9aca669620e69e0287c20abae03a945a\"><a id=\"wp-block-file--media-7019b28d-8f8a-4f97-8b17-3562354c6970\" href=\"https:\/\/szupl.wordpress.com\/wp-content\/uploads\/2026\/05\/deklaracja_ideowa_szu-2.pdf\">pobierz<\/a><\/div>\n\n\n\n<p><\/p>\n","protected":false},"excerpt":{"rendered":"<p>Kim jeste\u015bmy? Socjalistyczny Zwi\u0105zek Uczniowski to zwi\u0105zek oparty na solidarno\u015bci uczniowskiej i dorobkach socjalizmu naukowego. Tworzymy niezale\u017cny ruch uczniowski walcz\u0105cy o prawa m\u0142odzie\u017cy, szerz\u0105cy \u015bwiadomo\u015b\u0107 polityczn\u0105, spo\u0142eczn\u0105 i klasow\u0105 oraz chc\u0105cy spo\u0142ecze\u0144stwa opartego na r\u00f3wno\u015bci, solidarno\u015bci i demokratycznej kontroli nad \u017cyciem spo\u0142ecznym. Powstali\u015bmy, poniewa\u017c wierzymy, \u017ce m\u0142odzie\u017c ma prawo organizowa\u0107 si\u0119 i wsp\u00f3lnie walczy\u0107 o [&hellip;]<\/p>\n","protected":false},"author":1,"featured_media":0,"parent":0,"menu_order":0,"comment_status":"closed","ping_status":"closed","template":"","meta":{"footnotes":""},"class_list":["post-282","page","type-page","status-publish","hentry"],"_links":{"self":[{"href":"https:\/\/zwiazekuczniowski.org\/index.php?rest_route=\/wp\/v2\/pages\/282","targetHints":{"allow":["GET"]}}],"collection":[{"href":"https:\/\/zwiazekuczniowski.org\/index.php?rest_route=\/wp\/v2\/pages"}],"about":[{"href":"https:\/\/zwiazekuczniowski.org\/index.php?rest_route=\/wp\/v2\/types\/page"}],"author":[{"embeddable":true,"href":"https:\/\/zwiazekuczniowski.org\/index.php?rest_route=\/wp\/v2\/users\/1"}],"replies":[{"embeddable":true,"href":"https:\/\/zwiazekuczniowski.org\/index.php?rest_route=%2Fwp%2Fv2%2Fcomments&post=282"}],"version-history":[{"count":0,"href":"https:\/\/zwiazekuczniowski.org\/index.php?rest_route=\/wp\/v2\/pages\/282\/revisions"}],"wp:attachment":[{"href":"https:\/\/zwiazekuczniowski.org\/index.php?rest_route=%2Fwp%2Fv2%2Fmedia&parent=282"}],"curies":[{"name":"wp","href":"https:\/\/api.w.org\/{rel}","templated":true}]}}